 b = 0. Let y be (-2)/8 + (-7755)/(-44). Calculate the greatest common divisor of x and y.
22
Let r = -109 - -239. Let o(a) = 5*a**2 + 221*a + 57. Let t be o(-44). What is the highest common factor of t and r?
13
Let q be ((-4)/4)/(-1) + 2. Suppose -2*z + 110 = q*z. What is the greatest common factor of 88 and z?
22
Let m = 387 - 349. What is the highest common divisor of m and 95?
19
Suppose -5*r + 20 = -3*r. Let w be 4/12*(-3 + 153). Calculate the highest common divisor of w and r.
10
Suppose 5*r = -r + 96. Suppose -12*c - 400 = -r*c. Suppose 4*w - 15 = 25. What is the highest common factor of w and c?
10
Let k be ((-14)/3)/(2/(-30)). Let g(j) = -j**2 + 10*j - 14. Let p be g(4). Calculate the highest common factor of p and k.
10
Let i = -41 + 2. Let a = i + 69. Let q = -199 - -209. What is the highest common factor of a and q?
10
Suppose 31 = 5*g - 4*o, -o - 3 = 1. Suppose -g*u - 4 = -n + 10, 2 = -n - u. Let t = 10 - -8. What is the greatest common divisor of t and n?
2
Suppose -4*s = -3*s - 9. Suppose 0 = v + 21*v - 4840. Suppose -5*w = -6 + 26, 0 = -3*x + w + v. What is the highest common divisor of s and x?
9
Let w be ((-16)/(-12))/(2/21). Suppose 7 + w = u. What is the highest common factor of u and 3?
3
Suppose -37*b + 32*b - 5*n = -215, -207 = -4*b + 3*n. Suppose -114 + 314 = 5*u. Let c = 56 - u. What is the greatest common factor of c and b?
16
Let o(l) = 3*l**2 + 5*l + 4. Let t be o(-3). What is the greatest common factor of 2 and t?
2
Suppose -3*j + b = -37, 2*j - 4*b - 16 + 8 = 0. Calculate the greatest common factor of j and 686.
14
Let g = -16 + 8. Let a be (g/(0 + 2))/((-2)/8). Calculate the greatest common divisor of 12 and a.
4
Suppose -a = 4*l - 76, l + 5 = 4. Let q(y) = y**3 - 4*y**2 - 4*y + 10. Let o be q(5). Let p be 50/o*(0 + 3). Calculate the highest common divisor of a and p.
10
Let f be (1/(-2))/(22/(-7436)). Suppose 2*x - f = 7. Calculate the greatest common factor of x and 11.
11
Let r(w) = w**2 - 11*w + 12. Let p be r(10). Let d be (10/4 - p)*(77 + 13). Calculate the highest common divisor of 45 and d.
45
Let d(c) = 2*c**2 + 6*c + 2. Let s be d(-8). Let b = -81 + s. Calculate the highest common divisor of 3 and b.
1
Let z(v) = v**2 - 1. Let n be -9*(0 + (-8)/(-12)). Let j be z(n). What is the greatest common factor of j and 14?
7
Let o be 8/52 - (-6360)/65. Suppose -3*a = 2*i - 0*i - 38, -a + 12 = i. What is the highest common divisor of o and a?
14
Let t = -16 - -18. Suppose -5*s - 3*a + 81 = -6*a, -t*s = 3*a - 24. What is the greatest common divisor of 165 and s?
15
Suppose 0 = 2*n + 3*z - 65, 0*n = 5*n + 3*z - 167. Let w = -50 + n. Let r = w - -50. Calculate the greatest common divisor of 51 and r.
17
Let o(b) = -b**3 - 14*b**2 + 12*b + 17. Let y be o(-14). Let v = y + 259. What is the greatest common divisor of v and 12?
12
Let j = -6 + 9. Suppose 3*i - 16 = 5*v, -i - j*v = -0*v + 4. Let f be -2 + 4/2 + -2 + 14. Calculate the highest common divisor of f and i.
2
Suppose -5*x + v - 72 = 0, -32 = 2*x + x + 5*v. Let u = 18 + -14. Let c be 1252/28 - u/x. Calculate the highest common factor of c and 5.
5
Let g(z) = 3*z + 308. Let y(l) = -l - 103. Let c(i) = 4*g(i) + 11*y(i). Let u be c(0). Let v be 94/10 - 4/10. Calculate the highest common factor of v and u.
9
Suppose -1500 = -14*k - k. Calculate the highest common factor of 70 and k.
10
Let f be (-44)/693*-7 - (-1832)/9. Calculate the greatest common factor of 12 and f.
12
Let o(v) be the first derivative of v**3/3 - v**2/2 + 20*v - 35. Let u be o(6). Calculate the highest common divisor of u and 25.
25
Let k = 78 - 26. Suppose -39 = -3*w + 6*w. Let t be w*1/(-1)*1. Calculate the greatest common divisor of k and t.
13
Let t(b) = -b**2 + 12*b - 3. Let k be t(9). Let y = -30 + k. Let h = 12 - y. Calculate the greatest common divisor of h and 6.
6
Let q be (819/(-28))/13*(-3 + -141). Calculate the highest common divisor of 252 and q.
36
Let y be -6 + 2 - (-18 + -38). What is the greatest common divisor of y and 130?
26
Suppose 4*b = 134 + 82. What is the greatest common divisor of b and 270?
54
Let t = 127 + -109. Let b be 8/(-1 + 3)*18. Calculate the highest common divisor of b and t.
18
Let j be 24/(3 - (1 - 4/(-4))). What is the highest common divisor of 9 and j?
3
Let f(b) = -5*b + 18. Let q be f(8). Let z = q + 33. What is the greatest common factor of z and 110?
11
Let k = 1238 - 1142. What is the greatest common divisor of 1200 and k?
48
Suppose -5*g = 4*b + 688, -3*g + b = -4*g - 137. Let n be 474/7 + (-5)/(g/8). Calculate the greatest common divisor of 4 and n.
4
Let l be (-206)/(-10) - 6/(-15). Let k be (12/l)/((-8)/(-28)). Suppose 4*b = w - 5*w + 436, 5*w = k*b - 239. Calculate the greatest common factor of 16 and b.
16
Let i = -576 - -632. Calculate the greatest common factor of i and 154.
14
Let p(x) = -16*x - 94. Let r be p(-6). Suppose -9 = -3*w - 0*w. Suppose w*v + 5*f = -0 + 23, -f - 21 = -v. What is the greatest common factor of v and r?
2
Let v = 36 + -32. Suppose 0 = 4*k - v + 24, -5*d = 2*k - 515. What is the greatest common factor of d and 42?
21
Suppose -23*t + 4 = -27*t, -1077 = -4*q - 3*t. Calculate the greatest common factor of 162 and q.
54
Let f(b) = -3*b - 18. Suppose 0 = 3*j - 5*g + 56, j + 3*g + 4 = g. Let p be f(j). Calculate the highest common divisor of p and 9.
9
Let b(r) = -r**3 + 10*r**2 - 25*r + 81. Let d be b(5). What is the highest common factor of 459 and d?
27
Let g(b) = 6*b + 14. Let q(r) = r + 1. Let c be q(0). Let k = c - -6. Let h be g(k). What is the greatest common divisor of 8 and h?
8
Let i = -11 + 15. Suppose -3*a + 1 = i*l, -2*l + 29 = -l - 5*a. Suppose y - l = 0, 0 = -4*v + v + 2*y + 145. Calculate the greatest common divisor of v and 17.
17
Let p(v) = v**3 + 3*v**2 - 2*v - 5. Let i be p(-2). Calculate the highest common divisor of 39 and i.
3
Let s(r) = 80*r - 157. Let m be s(5). What is the highest common factor of 9 and m?
9
Let o(u) = -3*u**2 + 3*u + 1. Let n be o(4). Let q be (-268)/(-14) - (-5)/n. Calculate the highest common divisor of q and 171.
19
Let w be 0*-1*(-4)/(-2*4). Let j be (w - (-1)/1) + 12 + 23. Calculate the greatest common divisor of 4 and j.
4
Let u(m) = 2*m + 22. Let o be u(14). Calculate the highest common divisor of 50 and o.
50
Let o(s) = 7*s + 29. Let h be o(-2). What is the highest common divisor of 375 and h?
15
Let o be 30/1 - (-2)/1. Suppose 4*y = -8 + o. Let k be (-1)/y - 37/(-6). What is the greatest common divisor of k and 4?
2
Suppose 0 = -5*f - 2*t + 6*t, 0 = 4*t - 20. Suppose 323 = f*s + 99. Suppose -3*y - s = -7*y. What is the greatest common divisor of y and 21?
7
Let h(w) be the third derivative of w**6/120 - w**5/60 + 5*w**3/2 + 13*w**2. Let t be h(0). Calculate the highest common factor of 105 and t.
15
Suppose 0*w - 3*w = -3*i - 609, 0 = 4*w - 2*i - 806. Calculate the greatest common factor of w and 80.
40
Let f(h) = 2*h**2 - 18*h + 156. Let d be f(9). What is the highest common factor of 390 and d?
78
Let t = 240 + 19. Calculate the highest common divisor of t and 28.
7
Let l(p) = 3*p**2 + 34*p. Let i be l(-16). What is the greatest common divisor of 28 and i?
28
Let r(z) = -z**2 - 25*z + 93. Let l be r(-23). Calculate the highest common factor of 1529 and l.
139
Suppose j + 5*d - 47 = 0, 5*j - 50 = -4*d + 101. Let f be 981/4 - ((-24309)/148)/(-73). Calculate the greatest common factor of j and f.
27
Let c be (-3 + (-102)/(-14))/((-48)/(-896)). Calculate the greatest common factor of c and 40.
40
Suppose 9*b + 5 - 23 = 0. Suppose 0 = b*w + w - 90. What is the highest common factor of w and 75?
15
Suppose 20*y - 7*y = 39. What is the highest common divisor of 123 and y?
3
Suppose 5*k + 17 = 2*b - 43, 188 = 5*b - 3*k. Suppose -t - 14 = -b. What is the highest common factor of 4 and t?
2
Suppose 32 - 12 = 4*w. Suppose -w*o = -168 + 3. Suppose -21 - o = -2*h. What is the greatest common factor of h and 189?
27
Suppose 5*v = -3*i - 134, 130 - 340 = 5*i - 5*v. Let m = 65 + i. Calculate the greatest common divisor of m and 242.
22
Suppose 61*q - 53*q - 504 = 0. What is the highest common divisor of q and 9?
9
Suppose 0 = 3*v - 17*p + 14*p - 132, 0 = 3*v + 3*p - 144. What is the greatest common divisor of 23 and v?
23
Let x be (-18)/4*7700/(-105). Let c be (36/10)/(1/15). Su